st common divisor of u and 11?
11
Let t(r) = -r**2 + r + 2. Let k be t(2). Suppose k = x + 4*x. Suppose x*l + 18 = 3*l. Calculate the greatest common divisor of 3 and l.
3
Suppose -13 = x + 5*b, 3*x - 2*b = -x + 14. Suppose 0 = -g - x + 10. Suppose -f = 2*f - 72. What is the highest common factor of f and g?
8
Suppose 28 = 2*z + 2*z - 4*n, -2*z + 4*n = -22. Let a be 10/(3 + 1 - z). Calculate the highest common divisor of 5 and a.
5
Suppose -g - 2*g = 4*f - 283, -142 = -2*f - 2*g. What is the greatest common divisor of 10 and f?
10
Suppose 32 - 257 = -3*g. What is the highest common factor of 30 and g?
15
Suppose 3*h - 49 = -5*v, -h - v - 5 = -18. What is the greatest common divisor of 12 and h?
4
Let h(o) = o + 3. Let g be h(-1). What is the greatest common divisor of g and 16?
2
Suppose 428 = 4*v + 92. Calculate the greatest common divisor of v and 28.
28
Let o = 1 + 11. Suppose -5*p + 51 = -9. Calculate the highest common divisor of p and o.
12
Suppose 100 = 2*g - 4*a, 3*g - 2*a + 11 - 157 = 0. What is the highest common factor of g and 336?
48
Suppose 3*f + 4*j = -4, 2*f - j = -f + 1. Suppose -i - 2 + 3 = f. Let d be -1 + 0 - (i + -22). What is the greatest common factor of d and 140?
20
Suppose 2*r = -0*r. Suppose 0 = -g - r*g. Suppose -19 = -2*t - o, g*o + 20 = -4*o. What is the greatest common factor of t and 84?
12
Suppose 2*w = 6, 3 = -2*u + 4*w + 17. Suppose d = 9 + u. Suppose 4*c - 8 = 3*r + 6, -2*c + 2*r + 8 = 0. What is the highest common divisor of c and d?
2
Let a = 130 - 58. Let m(v) = -v**3 - 9*v**2 - 13*v + 16. Let o be m(-7). Calculate the highest common divisor of a and o.
9
Let n be (1 - 0) + (-3 - -23). What is the greatest common factor of n and 7?
7
Suppose 0*y = 4*y - 252. Let a = y - 27. Calculate the highest common factor of a and 9.
9
Let m(h) = -14*h. Let o be m(-1). Let a = -116 - -26. Let j be 24/(-16) + a/(-4). Calculate the greatest common factor of j and o.
7
Let l = 13 - 2. Let f be (-240 - 2)/(-7 - -5). What is the highest common factor of l and f?
11
Let v(r) = 5*r**2 - 4*r + 5. Let n be v(4). Let y = -27 + n. Calculate the highest common divisor of 6 and y.
6
Let w(x) = -x**3 - x**2 + 2*x + 2. Let o be w(-2). Calculate the greatest common divisor of o and 2.
2
Let b = 203 - 91. Let y be (-4)/(-18) + (-212)/(-18). Suppose -a + 12 = o - 4, -a - y = -o. Calculate the highest common divisor of b and o.
14
Let g be 133/4 + 2/(-8). Suppose 4*j + 4*f = 36, -f + g = -2*j + 5*j. Suppose -x = -28 - 20. What is the greatest common divisor of x and j?
12
Let x be (-119)/(-21) + 4/(-6). Suppose -x*g + 23 = 3*d - 34, 0 = -2*d + 3*g + 57. What is the highest common divisor of 3 and d?
3
Suppose 97 = -5*p + 37. Let j = p + 23. What is the highest common factor of 77 and j?
11
Suppose 3*k + 5*s - 69 = 0, k - s = 18 - 3. Suppose 0 = -m - c + 39, -63 = -2*m + 6*c - 3*c. Calculate the highest common divisor of m and k.
18
Let p be ((-4)/6)/(-2)*39. Suppose 3*o + 5*j - 180 = 0, 4*j - 126 + 8 = -2*o. What is the greatest common factor of p and o?
13
Let u = -15 + 51. Suppose 0 = -6*b + 3*b + u. What is the greatest common divisor of 36 and b?
12
Suppose u - 3 + 0 = 0. Let o be 3 - (0/1 - u). Let z be (7 - o)*(2 - 1). Calculate the greatest common divisor of 2 and z.
1
Suppose 4*g = g + 12. Suppose 0 = 3*c + 2 + g. Let d be 3/c*(-208)/12. Calculate the highest common factor of 39 and d.
13
Let f = 1 - -3. Suppose 4*c + 4*m + m = -f, -c = -2*m + 1. Let x be 29 + (1 + -2)*c. Calculate the highest common factor of 12 and x.
6
Let m = -192 - -197. Calculate the greatest common factor of m and 15.
5
Suppose 4*k = -3*i + 3*k + 56, -3*k = -i + 2. Let j be i - (-4)/10*-5. What is the greatest common factor of j and 60?
15
Let v be 102 - 0/((-3)/3). Let a = 322 - v. What is the highest common divisor of 20 and a?
20
Suppose 2*t + 5*b = -11, 0 = -5*t - 5*b - 9 + 4. Calculate the highest common factor of t and 14.
2
Let q = 32 - 21. Calculate the greatest common divisor of q and 77.
11
Let i(n) = n**3 + 9*n**2 + 6*n - 10. Let f be i(-8). Let y be (-9)/7 + f/21. Let w be (-2 - y)*-54 + -2. Calculate the highest common factor of w and 13.
13
Let c = 79 + -55. What is the greatest common divisor of 8 and c?
8
Let p(u) = 3 + 3*u + 0 - 10. Let r be p(6). Calculate the greatest common factor of r and 55.
11
Suppose 188 + 146 = l. Let u be l/22 - (-22)/(-121). What is the greatest common factor of 6 and u?
3
Suppose -31*j = -34*j + 42. Calculate the highest common divisor of j and 126.
14
Let i be (2 - 1) + 83 + -3. Let t(o) = -4*o**2 - 6*o - 1. Let v be t(-4). Let c = i + v. What is the greatest common factor of c and 8?
8
Let o(b) = -b**3 + 13*b**2 + 5*b + 5. Let v be o(13). What is the highest common factor of 20 and v?
10
Let q = 4 + -2. Suppose -q = -l - 0*l. Suppose 0 = -4*h + l*h + 98. What is the highest common factor of h and 7?
7
Let j be ((-308)/224)/(1/(-8)). Calculate the highest common divisor of j and 22.
11
Suppose -6*f - 5*f + 198 = 0. Calculate the greatest common divisor of f and 144.
18
Let o(t) = 4*t**2 + t - 3. Let x be o(3). Let h = -27 + 45. Calculate the highest common divisor of x and h.
18
Let y = -4 - -7. Suppose -4*l + l + y = 0. Let f be (2/(-6) + l)*27. Calculate the greatest common factor of 9 and f.
9
Let v = -90 + 160. What is the highest common factor of v and 10?
10
Let k be (800/12 - 6) + (-4)/6. Let d be 0 - -27 - -2 - -1. What is the highest common divisor of k and d?
30
Let c(p) = 311*p**2 - 2*p - 1. Let n be c(-1). Suppose -i = -4*g + n, -2*g + 2*i = 3*i - 156. What is the greatest common factor of 26 and g?
26
Suppose -4*h - 3*b + 17 = 0, 3*h - h - 3*b = 13. Let s = h - -49. Let f(g) = -g**2 + 5*g + 2. Let v be f(4). What is the greatest common divisor of s and v?
6
Suppose -1336 = -3*q - 5*m, q = 2*q + 3*m - 448. Let h = q - 314. Calculate the greatest common divisor of 16 and h.
16
Let f(j) = 20*j**2 + 1. Let m be (0 + 0)/(1 - -1). Suppose 4*h + 1 - 5 = m. Let u be f(h). What is the greatest common divisor of 14 and u?
7
Let h be (-1 - -3 - (1 - 2))/3. Let x(u) = -u - 3. Let i be x(-6). What is the greatest common divisor of i and h?
1
Let u be (-1)/((-338)/2310 + (-2)/(-15)). What is the greatest common factor of 7 and u?
7
Suppose 345 = -5*u + 885. Calculate the greatest common divisor of u and 12.
12
Suppose 3*d = -64 + 301. Suppose -2*q - 220 = 4*t, -3*t + t - 3*q - 110 = 0. Let p = d + t. Calculate the greatest common factor of p and 16.
8
Suppose 13 + 3 = 4*k. Suppose 6*t = -k*a + t + 58, 2*t + 21 = a. What is the highest common divisor of 119 and a?
17
Let j = -1580 - -1624. Let q(f) = f**2 + f - 4. Let p be q(-5). Suppose 2*b - p = 2*z, -7 = b - 5*z - 3. What is the highest common factor of b and j?
11
Suppose -13*b = -18*b - 25. Let t(c) = -c**2 - 5*c + 4. Let o be t(b). Calculate the greatest common divisor of 44 and o.
4
Let s = 154 - 66. What is the greatest common divisor of 11 and s?
11
Let l = 26 + 86. Suppose 2*v - 23 = h, 6*v - 52 = 2*v + 4*h. Let f = 26 - v. Calculate the highest common factor of f and l.
16
Suppose -3*s = -s + 58. Let i = -16 - s. What is the greatest common factor of 39 and i?
13
Let m(z) = z**3 + 8*z**2 - 4*z - 8. Let x be m(-6). Suppose -3*g + x = g. Calculate the highest common divisor of 88 and g.
22
Let n(d) = d**3 + 10*d**2 - 5*d - 7. Let t be n(-9). Calculate the highest common factor of t and 17.
17
Suppose 2*p + 13 = 57. Suppose c + 3*c = 3*g - p, 3*g = 2*c + 14. Calculate the greatest common factor of g and 22.
2
Let f(u) = u + 8. Let l be f(0). What is the highest common factor of l and 8?
8
Suppose 0 = 2*k + 18 + 6. Let y = k - -32. What is the greatest common divisor of y and 20?
20
Let x be (6 - 2)*2/(-2). Let a be x/22 + 310/11. Suppose 0 = 3*n - n + 8, 2*p - 30 = 4*n. Calculate the highest common factor of a and p.
7
Suppose -6*u = -2*u - 12. What is the greatest common divisor of u and 3?
3
Suppose -3*t + 335 = -2*l - 3*l, 2*t + 3*l = 255. Let m(z) = -2*z**2 - 12*z - 6. Let u be m(-3). Calculate the highest common factor of t and u.
12
Suppose 0 = 2*t + 5*i + 2 + 5, 3*i = 5*t + 2. Let r be (t - 35/(-2))*2. What is the highest common factor of r and 3?
3
Let w be (2 + -5 - -7) + 9. Suppose -2*x - 2*x - y - 2 = 0, 2*x + y = -2. Suppose z = x, 3*z +